ors of 5900.
2, 5, 59
List the prime factors of 29421.
3, 7, 467
List the prime factors of 35383.
41, 863
List the prime factors of 324.
2, 3
List the prime factors of 293.
293
What are the prime factors of 562?
2, 281
List the prime factors of 1462.
2, 17, 43
What are the prime factors of 461?
461
What are the prime factors of 1207?
17, 71
List the prime factors of 7934.
2, 3967
What are the prime factors of 11605?
5, 11, 211
What are the prime factors of 2077?
31, 67
List the prime factors of 8033.
29, 277
What are the prime factors of 59483?
17, 3499
List the prime factors of 832.
2, 13
List the prime factors of 2672.
2, 167
List the prime factors of 10561.
59, 179
What are the prime factors of 9894?
2, 3, 17, 97
What are the prime factors of 1863?
3, 23
List the prime factors of 2298.
2, 3, 383
List the prime factors of 9314.
2, 4657
List the prime factors of 1693.
1693
List the prime factors of 107499.
3, 7, 5119
List the prime factors of 11090.
2, 5, 1109
List the prime factors of 4469.
41, 109
List the prime factors of 5066.
2, 17, 149
What are the prime factors of 18103?
43, 421
What are the prime factors of 9543?
3, 3181
What are the prime factors of 18136?
2, 2267
List the prime factors of 8362.
2, 37, 113
What are the prime factors of 8332?
2, 2083
What are the prime factors of 15293?
41, 373
List the prime factors of 253.
11, 23
What are the prime factors of 3713?
47, 79
What are the prime factors of 30308?
2, 7577
What are the prime factors of 41?
41
What are the prime factors of 854?
2, 7, 61
What are the prime factors of 49811?
49811
List the prime factors of 2.
2
What are the prime factors of 576?
2, 3
List the prime factors of 864.
2, 3
List the prime factors of 2970.
2, 3, 5, 11
List the prime factors of 6020.
2, 5, 7, 43
What are the prime factors of 418?
2, 11, 19
What are the prime factors of 1821?
3, 607
List the prime factors of 1311.
3, 19, 23
List the prime factors of 264.
2, 3, 11
What are the prime factors of 49049?
7, 11, 13
List the prime factors of 17771.
13, 1367
What are the prime factors of 28?
2, 7
List the prime factors of 141846.
2, 3, 47, 503
What are the prime factors of 10532?
2, 2633
List the prime factors of 19643.
13, 1511
List the prime factors of 2605.
5, 521
What are the prime factors of 6577?
6577
What are the prime factors of 30463?
41, 743
List the prime factors of 1438.
2, 719
List the prime factors of 119246.
2, 109, 547
What are the prime factors of 9084?
2, 3, 757
What are the prime factors of 32660?
2, 5, 23, 71
List the prime factors of 61821.
3, 6869
List the prime factors of 9166.
2, 4583
List the prime factors of 95.
5, 19
What are the prime factors of 27742?
2, 11, 13, 97
What are the prime factors of 805?
5, 7, 23
What are the prime factors of 2390?
2, 5, 239
What are the prime factors of 4345?
5, 11, 79
List the prime factors of 7759.
7759
List the prime factors of 142024.
2, 41, 433
What are the prime factors of 1635?
3, 5, 109
What are the prime factors of 8671?
13, 23, 29
What are the prime factors of 8275?
5, 331
What are the prime factors of 88798?
2, 29, 1531
List the prime factors of 45515.
5, 9103
List the prime factors of 387.
3, 43
List the prime factors of 100207.
100207
What are the prime factors of 537?
3, 179
What are the prime factors of 36415?
5, 7283
What are the prime factors of 90388?
2, 59, 383
What are the prime factors of 9932?
2, 13, 191
What are the prime factors of 55238?
2, 71, 389
What are the prime factors of 947?
947
What are the prime factors of 450?
2, 3, 5
List the prime factors of 2573.
31, 83
What are the prime factors of 210062?
2, 105031
What are the prime factors of 21936?
2, 3, 457
What are the prime factors of 13885?
5, 2777
What are the prime factors of 2337?
3, 19, 41
What are the prime factors of 886?
2, 443
What are the prime factors of 1427?
1427
List the prime factors of 20201.
20201
List the prime factors of 3232.
2, 101
List the prime factors of 1661.
11, 151
List the prime factors of 14906.
2, 29, 257
List the prime factors of 30406.
2, 23, 661
What are the prime factors of 4754?
2, 2377
List the prime factors of 1159.
19, 61
What are the prime factors of 10297?
7, 1471
List the prime factors of 11052.
2, 3, 307
List the prime factors of 1939.
7, 277
List the prime factors of 31294.
2, 15647
What are the prime factors of 1274?
2, 7, 13
List the prime factors of 17150.
2, 5, 7
List the prime factors of 76.
2, 19
List the prime factors of 646.
2, 17, 19
List the prime factors of 19485.
3, 5, 433
List the prime factors of 50287.
50287
List the prime factors of 2041.
13, 157
What are the prime factors of 4939?
11, 449
What are the prime factors of 7990?
2, 5, 17, 47
List the prime factors of 16749.
3, 1861
List the prime factors of 552.
2, 3, 23
What are the prime factors of 968?
2, 11
What are the prime factors of 184?
2, 23
List the prime factors of 2920.
2, 5, 73
What are the prime factors of 11755?
5, 2351
What are the prime factors of 13737?
3, 19, 241
List the prime factors of 6374.
2, 3187
List the prime factors of 54950.
2, 5, 7, 157
List the prime factors of 9016.
2, 7, 23
List the prime factors of 3032.
2, 379
List the prime factors of 160.
2, 5
List the prime factors of 762.
2, 3, 127
List the prime factors of 68608.
2, 67
What are the prime factors of 7126?
2, 7, 509
What are the prime factors of 45116?
2, 11279
What are the prime factors of 200605?
5, 53, 757
What are the prime factors of 4668?
2, 3, 389
List the prime factors of 30421.
29, 1049
List the prime factors of 8260.
2, 5, 7, 59
What are the prime factors of 1233?
3, 137
What are the prime factors of 142276?
2, 35569
What are the prime factors of 1525?
5, 61
List the prime factors of 1446.
2, 3, 241
What are the prime factors of 18032?
2, 7, 23
What are the prime factors of 1949?
1949
List the prime factors of 19302.
2, 3, 3217
What are the prime factors of 1590?
2, 3, 5, 53
List the prime factors of 1594.
2, 797
List the prime factors of 17741.
113, 157
List the prime factors of 9782.
2, 67, 73
List the prime factors of 74.
2, 37
List the prime factors of 2380.
2, 5, 7, 17
List the prime factors of 3899.
7, 557
What are the prime factors of 74453?
74453
List the prime factors of 4523.
4523
What are the prime factors of 10432?
2, 163
List the prime factors of 38063.
17, 2239
List the prime factors of 2571.
3, 857
What are the prime factors of 131?
131
List the prime factors of 1621.
1621
What are the prime factors of 1337?
7, 191
What are the prime factors of 3522?
2, 3, 587
What are the prime factors of 9570?
2, 3, 5, 11, 29
What are the prime factors of 39683?
7, 5669
List the prime factors of 52310.
2, 5, 5231
What are the prime factors of 579?
3, 193
List the prime factors of 17368.
2, 13, 167
List the prime factors of 1775.
5, 71
List the prime factors of 1060.
2, 5, 53
List the prime factors of 32251.
32251
What are the prime factors of 1289?
1289
List the prime factors of 1333.
31, 43
What are the prime factors of 26577?
3, 2953
What are the prime factors of 4774?
2, 7, 11, 31
What are the prime factors of 6136?
2, 13, 59
What are the prime factors of 6024?
2, 3, 251
List the prime factors of 70331.
53, 1327
What are the prime factors of 3042?
2, 3, 13
What are the prime factors of 4533?
3, 1511
List the prime factors of 1556.
2, 389
What are the prime factors of 1338?
2, 3, 223
What are the prime factors of 358?
2, 179
List the prime factors of 2443.
7, 349
List the prime factors of 377.
13, 29
What are the prime factors of 8747?
8747
What are the prime factors of 6452?
2, 1613
What are the prime factors of 1200?
2, 3, 5
What are the prime factors of 7397?
13, 569
What are the prime factors of 2510?
2, 5, 251
List the prime factors of 8574.
2, 3, 1429
List the prime factors of 13180.
2, 5, 659
List the prime factors of 16552.
2, 2069
List the prime factors of 1293.
3, 431
What are the prime factors of 3381?
3, 7, 23
List the prime factors of 9129.
3, 17, 179
List the prime factors of 13249.
13249
List the prime factors of 475.
5, 19
List the prime factors of 69193.
69193
What are the prime factors of 7808?
2, 61
List the prime factors of 22981.
7, 67
List the prime factors of 15381.
3, 1709
What are the prime factors of 31821?
3, 10607
What are the prime f